culate the remainder when 45 is divided by 27 + ((-4)/(-8) - 3/2).
19
Let p be 6/(-9) + (-2)/6. Let x(b) = -8*b**3 + 2*b + 1. Let j = -41 - -61. Calculate the remainder when j is divided by x(p).
6
Suppose 36 = -4*h + t + 138, -3*h + 73 = t. Calculate the remainder when h is divided by 13.
12
Let h be 26/10 + (-10)/(-25). Suppose -u + 4*a - 1 = 0, -5*u + 4*a + 79 = 5*a. Calculate the remainder when ((-2)/h)/((-3)/126) is divided by u.
13
Suppose q = 4*w - 0*w - 156, 0 = -w - 2*q + 30. What is the remainder when w is divided by 21?
17
Let c = 119 + -84. Let z = c + -22. Suppose 0 = -0*a + 3*a - 75. Calculate the remainder when a is divided by z.
12
Suppose -4*k = -3*j - 371, -2*k - 187 = -4*k + 3*j. What is the remainder when k is divided by 16?
12
Suppose 191 = 5*h - 164. Calculate the remainder when h is divided by 37.
34
Let p(h) = h**2 - 8*h + 12. Calculate the remainder when 33 is divided by p(8).
9
What is the remainder when 46 is divided by ((-2769)/18)/(-13) + (-2)/(-12)?
10
Let w be 50/(-4)*(-2)/1. Let x be 164/(-4)*(0 - 1). Suppose x = 3*a - w. What is the remainder when 65 is divided by a?
21
Let l(n) = 4*n - 7. Let d(f) = -5*f + 8. Let s(v) = -2*d(v) - 3*l(v). Calculate the remainder when 43 is divided by s(-5).
13
Suppose -4*x + 5*p + 68 = 0, -28 = -x - 3*p + 7*p. Calculate the remainder when 69 is divided by x.
9
Let k be 6/15 - (-24)/15. Suppose -k*p + 3*p - 28 = 0. Suppose 10 = -2*l + p. Calculate the remainder when 17 is divided by l.
8
Let q(p) = -p**2 + 8*p - 5. Suppose 3*s - 24 = -s. What is the remainder when q(s) is divided by 3?
1
Suppose -3*s - 5*w = -40, 5*s + w + 2 = 32. Suppose 5*n = -4*j + 32, s*n - 6 = 2*j + 8. Let d = n - -3. What is the remainder when 13 is divided by d?
6
Suppose -6*r + 52 = -r - l, -2*l - 27 = -3*r. What is the remainder when r is divided by 1 - (-6)/((-4)/(-2))?
3
Suppose 2*b - 26 = 6. What is the remainder when 29 is divided by b?
13
Let c(x) = -2*x**2 + 4*x + 3. Let l be c(-3). Calculate the remainder when 8/36 - 1128/l is divided by 22.
20
Let m = -64 + 94. What is the remainder when 117 is divided by m?
27
Suppose 4*c + d = -10, -3*c = -8*c + d - 8. Let b = c - -6. Suppose -3*p + 2 = -2*k, -2*k = -5*p + 4*p - 2. Calculate the remainder when b is divided by p.
0
Let t(d) = 24*d + 7. Calculate the remainder when t(4) is divided by 13.
12
Let b(g) = -g**2 + g + 7. Let o(i) = i**3 + 5*i**2 - i - 1. Calculate the remainder when b(0) is divided by o(-5).
3
Suppose 48 = -5*g - 3*a + 208, -4*a = -2*g + 64. Calculate the remainder when 61 is divided by g.
29
Suppose 12 = x - 7. Let n = -13 - -68. Calculate the remainder when n is divided by x.
17
Let g(p) = -p**2 - p + 28. Calculate the remainder when g(0) is divided by 1872/126 - (-1)/7.
13
Suppose 0 = -5*i + 4*z + 164 + 132, -5*z = i - 65. What is the remainder when i is divided by 16?
12
Let x = 0 + 29. Calculate the remainder when 113 is divided by x.
26
Let c = 63 - 44. Let w = 143 - 68. Calculate the remainder when w is divided by c.
18
Calculate the remainder when 54 is divided by (0 - -10)*42/(-60)*-4.
26
Suppose 0 = 2*h + 2 - 18. Calculate the remainder when 23 is divided by h.
7
Suppose 0 = 2*x - 20 - 20. What is the remainder when 5/65*2 + (-505)/(-13) is divided by x?
19
Let s(o) = o**3 + 6*o**2 + o - 1. Calculate the remainder when s(-5) is divided by 7.
5
Let d = -34 - -85. Suppose j - 146 = -d. Calculate the remainder when j is divided by 32.
31
Let n(b) be the first derivative of 1/3*b**3 + 5/2*b**2 - 3 + 6*b. What is the remainder when n(-7) is divided by 11?
9
Suppose t + 0 = 3. What is the remainder when 8 is divided by t?
2
Let c(s) = -s**3 - 5*s**2 - 4*s - 5. What is the remainder when 57 is divided by c(-5)?
12
Suppose -3*i + 402 = -3*d, i = 3*d + 2*i + 398. Calculate the remainder when d/(-5) - 3/5 is divided by 9.
8
What is the remainder when 4/12*-2*-6 - -19 is divided by 12?
11
Let x = -2 + 3. What is the remainder when 58 + 1 + x + -4 is divided by 19?
18
Suppose -16*f - 196 = -20*f. Calculate the remainder when f is divided by 17.
15
Suppose -4*z - 3*v + 28 + 7 = 0, z - 20 = 3*v. What is the remainder when 64 is divided by z?
9
Suppose 4*x - 11 - 37 = 0. Let y(o) = o**2 + 8*o - 2. Let m be y(-8). What is the remainder when 26 + -6 + (-6)/m is divided by x?
11
What is the remainder when 72 is divided by (-200)/(-12)*3/2?
22
Let c(j) = -3*j**2 - j. Let y(o) = -o**2. Let r(v) = -c(v) - 4*y(v). What is the remainder when 1 - (-1 - 21/1) is divided by r(1)?
7
Let s(j) = -j**3 + 3*j**2 + j - 2. Let m be s(4). Let g = m - -30. What is the remainder when 29 is divided by g?
13
Let k = 7 + -2. Let r = 6 + k. What is the remainder when r is divided by 4?
3
Suppose -111 - 9 = -6*c. What is the remainder when 56 is divided by c?
16
Suppose 0*t = -4*t + 4*g + 24, -39 = -5*t + 2*g. Suppose -130 = -p - 4*p. What is the remainder when p is divided by t?
8
Suppose -2*r + 5*c + 1 = 0, 14 = 3*r + c - 6*c. What is the remainder when 63 is divided by r?
11
Let w = 106 - 65. Suppose -3*n + 3 = 18, 0 = -b + 4*n + 34. Calculate the remainder when w is divided by b.
13
What is the remainder when 75 is divided by ((-5)/15)/((-2)/156)?
23
Let o(m) = m**2 - 6*m - 4. Calculate the remainder when o(-5) is divided by -3*((-104)/3)/4.
25
Calculate the remainder when 20/(-50) - (-167)/5 is divided by 17.
16
Let h(d) = -3 - 4*d - d + 0 - 1 - d**2. What is the remainder when -1*3*(-12)/9 is divided by h(-3)?
0
Let w(a) = a**3 - 7*a**2 - 6*a - 11. Let k be (-1 + 1 - 1)*-8. Let v = 9 - 1. Calculate the remainder when v is divided by w(k).
3
Suppose 0 = -2*c + 3*u + 25, 4*u = -3*c - c. Suppose c*j = 2*v + 9, 4*v - j - 15 = -2*j. Suppose -v = -q + 1. What is the remainder when 15 is divided by q?
3
Suppose -3*b + 69 = 2*n, 3 = -4*b + 23. Calculate the remainder when n is divided by 11.
5
Suppose -5*o + 2*i + 88 + 60 = 0, i = -2*o + 52. What is the remainder when 55 is divided by o?
27
Suppose 336 = 8*b + 56. Calculate the remainder when b is divided by 11.
2
Suppose -2*p - z - 2 = 3, 2*z = 5*p + 26. Let s = 0 - p. Suppose 305 = w + s*w. Calculate the remainder when w is divided by 21.
19
Suppose 3*i - 4*w = -254, -5*w - 97 = 2*i + 80. Suppose 0 = 3*g + 4*r - 16, -3*g - r + 5*r + 32 = 0. What is the remainder when 3/6 + i/(-4) is divided by g?
6
Suppose -3*l = -2*l - 3*u - 7, -u - 9 = -2*l. Suppose -c + l*c = 3. What is the remainder when 2 is divided by c?
0
Let w = -5 - -7. Let r be 1 - w - (-5 - -2). What is the remainder when 1 is divided by 0 - (-1 - 1)/r?
0
Let m be (-29)/((-1)/((-16)/(-2))). Suppose m = 3*s + s. Calculate the remainder when s is divided by 12.
10
Suppose f + 5 = -5*u, -30 = -5*f - 3*u - 11. Suppose -f*m + k = -9, m - 4*k + 2 - 19 = 0. What is the remainder when 3 is divided by m?
0
Let f(h) = h**2 - 5*h + 10. Let v be (6/15)/(1/20). Let i be f(v). Let x = 48 - i. What is the remainder when x is divided by 8?
6
Let u = 10 - 4. Let z = -21 + 32. Suppose -42 = -z*q + 9*q. Calculate the remainder when q is divided by u.
3
Suppose l - 15 - 31 = 0. Calculate the remainder when l is divided by 24.
22
Suppose 0 = -3*r + 1 - 4. Suppose 6*f - 22 = 4*f - 2*b, 0 = 5*f - 2*b - 62. What is the remainder when (22 - (0 - 1)) + r is divided by f?
10
Let g(r) = r**3 - 2*r**2 + 5*r - 4. What is the remainder when 135 is divided by g(3)?
15
Let f = -3 - -42. Let p be (3*(-2)/3)/1. Let h(z) = -9*z + 2. What is the remainder when f is divided by h(p)?
19
Let q be (1 - 1) + -6 - -1. Let u(h) = h**2 + 3*h - 6. What is the remainder when u(q) is divided by 2?
0
Let b(i) = -i**3 + 2*i**2 + 4*i - 2. Let t be b(3). Calculate the remainder when 35 is divided by (-3)/t*(-5 + -1).
17
Let m(y) = -2*y**2 + 3*y + 1. Let t be m(3). Let p = 12 + t. Calculate the remainder when 15 is divided by p.
3
Suppose -2*l = -d + 4*d - 5, -2*l = -4*d + 16. Suppose -2*j + 0 = -f + d, -23 = -4*f - 3*j. What is the remainder when f is divided by 2?
1
Let v(c) = c**2 + 11*c + 19. What is the remainder when 15 is divided by v(-10)?
6
Suppose 4*t - 100 = -4. Suppose -t = o - 2*o - 4*h, 41 = 2*o + h. Calculate the remainder when o is divided by 11.
9
Let b be (-4)/(-3)*(-12)/(-8). Let n be b*(13*-1)/(-1). Suppose -5*x + 4*d - 2*d = -n, -5*x - 3*d = -36. What is the remainder when 10 is 